{"id":266,"date":"2017-12-07T13:11:54","date_gmt":"2017-12-07T13:11:54","guid":{"rendered":"http:\/\/www.reklamastyl.cz\/?page_id=266"},"modified":"2021-06-07T07:27:19","modified_gmt":"2021-06-07T07:27:19","slug":"web-2","status":"publish","type":"page","link":"https:\/\/www.reklamastyl.cz\/index.php\/web-2\/","title":{"rendered":"Web"},"content":{"rendered":"<div>\n<p><img loading=\"lazy\" decoding=\"async\" class=\"wp-image-564 alignright\" src=\"http:\/\/www.reklamastyl.cz\/wp-content\/uploads\/2017\/12\/www-300x169.jpg\" alt=\"\" width=\"414\" height=\"233\" srcset=\"https:\/\/www.reklamastyl.cz\/wp-content\/uploads\/2017\/12\/www-300x169.jpg 300w, https:\/\/www.reklamastyl.cz\/wp-content\/uploads\/2017\/12\/www.jpg 546w\" sizes=\"auto, (max-width: 414px) 100vw, 414px\" \/><\/p>\n<h4>Vytvo\u0159\u00edme V\u00e1m origin\u00e1ln\u00ed webov\u00e9 str\u00e1nky. Navrhneme kl\u00ed\u010dov\u00e1 slova, kter\u00e1 na Va\u0161e str\u00e1nky p\u0159ivedou v\u00edce n\u00e1v\u0161t\u011bvn\u00edk\u016f. Zaregistrujeme n\u00e1zev (dom\u00e9nu) a zajist\u00edme prostor (hosting). Jednoduch\u00fd redak\u010dn\u00ed syst\u00e9m V\u00e1m umo\u017en\u00ed kdykoliv aktualizovat stav Va\u0161ich str\u00e1nek, doplnit fotografie, texty, odk\u00e1zat na akci vytvo\u0159it p\u0159\u00edsp\u011bv\u011bk nebo koment\u00e1\u0159.<\/h4>\n<\/div>\n<div><\/div>\n<div><\/div>\n<h3><span style=\"color: #008000;\"><strong>Zhotov\u00edme V\u00e1m i newslettery, kter\u00e9 roze\u0161lete Va\u0161im z\u00e1kazn\u00edk\u016fm nebo partner\u016fm!<\/strong><\/span><\/h3>\n<h4><\/h4>\n<p>&nbsp;<\/p>\n","protected":false},"excerpt":{"rendered":"<p>Vytvo\u0159\u00edme V\u00e1m origin\u00e1ln\u00ed webov\u00e9 str\u00e1nky. Navrhneme kl\u00ed\u010dov\u00e1 slova, kter\u00e1 na Va\u0161e str\u00e1nky p\u0159ivedou v\u00edce n\u00e1v\u0161t\u011bvn\u00edk\u016f. Zaregistrujeme n\u00e1zev (dom\u00e9nu) a zajist\u00edme prostor (hosting). Jednoduch\u00fd redak\u010dn\u00ed syst\u00e9m V\u00e1m umo\u017en\u00ed kdykoliv aktualizovat stav Va\u0161ich str\u00e1nek, doplnit fotografie, texty, odk\u00e1zat na akci vytvo\u0159it p\u0159\u00edsp\u011bv\u011bk nebo koment\u00e1\u0159. Zhotov\u00edme V\u00e1m i newslettery, kter\u00e9 roze\u0161lete Va\u0161im z\u00e1kazn\u00edk\u016fm nebo partner\u016fm! &nbsp;<\/p>\n","protected":false},"author":1,"featured_media":0,"parent":0,"menu_order":0,"comment_status":"closed","ping_status":"closed","template":"Page-fullwidth.php","meta":{"footnotes":""},"class_list":["post-266","page","type-page","status-publish","hentry"],"_links":{"self":[{"href":"https:\/\/www.reklamastyl.cz\/index.php\/wp-json\/wp\/v2\/pages\/266","targetHints":{"allow":["GET"]}}],"collection":[{"href":"https:\/\/www.reklamastyl.cz\/index.php\/wp-json\/wp\/v2\/pages"}],"about":[{"href":"https:\/\/www.reklamastyl.cz\/index.php\/wp-json\/wp\/v2\/types\/page"}],"author":[{"embeddable":true,"href":"https:\/\/www.reklamastyl.cz\/index.php\/wp-json\/wp\/v2\/users\/1"}],"replies":[{"embeddable":true,"href":"https:\/\/www.reklamastyl.cz\/index.php\/wp-json\/wp\/v2\/comments?post=266"}],"version-history":[{"count":33,"href":"https:\/\/www.reklamastyl.cz\/index.php\/wp-json\/wp\/v2\/pages\/266\/revisions"}],"predecessor-version":[{"id":1195,"href":"https:\/\/www.reklamastyl.cz\/index.php\/wp-json\/wp\/v2\/pages\/266\/revisions\/1195"}],"wp:attachment":[{"href":"https:\/\/www.reklamastyl.cz\/index.php\/wp-json\/wp\/v2\/media?parent=266"}],"curies":[{"name":"wp","href":"https:\/\/api.w.org\/{rel}","templated":true}]}}