{"id":308,"date":"2017-12-07T13:55:36","date_gmt":"2017-12-07T13:55:36","guid":{"rendered":"http:\/\/www.reklamastyl.cz\/?page_id=308"},"modified":"2017-12-08T12:44:05","modified_gmt":"2017-12-08T12:44:05","slug":"design","status":"publish","type":"page","link":"https:\/\/www.reklamastyl.cz\/index.php\/design\/","title":{"rendered":"Design"},"content":{"rendered":"<p><img loading=\"lazy\" decoding=\"async\" class=\"wp-image-552 alignright\" src=\"http:\/\/www.reklamastyl.cz\/wp-content\/uploads\/2017\/12\/1-1912525-274x300.jpg\" alt=\"\" width=\"409\" height=\"448\" srcset=\"https:\/\/www.reklamastyl.cz\/wp-content\/uploads\/2017\/12\/1-1912525-274x300.jpg 274w, https:\/\/www.reklamastyl.cz\/wp-content\/uploads\/2017\/12\/1-1912525.jpg 676w\" sizes=\"auto, (max-width: 409px) 100vw, 409px\" \/><\/p>\n<h2 style=\"text-align: left;\"><strong><span style=\"color: #008000;\">Reklama &#8211; grafika na m\u00edru<\/span><\/strong><\/h2>\n<h4><span style=\"color: #808080;\">Na z\u00e1klad\u011b zku\u0161enost\u00ed a grafick\u00e9ho c\u00edt\u011bn\u00ed navrhneme design Va\u0161ich materi\u00e1l\u016f, obal\u016f, etiket, ale i log nebo zna\u010dek. Po schv\u00e1len\u00ed stylu, p\u0159\u00edpadn\u011b \u00faprav dle Va\u0161ich p\u0159ipom\u00ednek, dojde k zalomen\u00ed text\u016f, v\u00fdb\u011bru spr\u00e1vn\u00fdch font\u016f, o\u0159ezu a k retu\u0161i obr\u00e1zk\u016f, fotek, kreseb ale t\u0159eba i k p\u0159eklad\u016fm do cizojazy\u010dn\u00fdch mutac\u00ed.<\/span><\/h4>\n<div><\/div>\n<div><\/div>\n<div><\/div>\n<h3><span style=\"color: #008000;\"><u><strong>Bu\u010fte jedine\u010dn\u00ed! Bu\u010fte IN!<\/strong><\/u><\/span><\/h3>\n","protected":false},"excerpt":{"rendered":"<p>Reklama &#8211; grafika na m\u00edru Na z\u00e1klad\u011b zku\u0161enost\u00ed a grafick\u00e9ho c\u00edt\u011bn\u00ed navrhneme design Va\u0161ich materi\u00e1l\u016f, obal\u016f, etiket, ale i log nebo zna\u010dek. Po schv\u00e1len\u00ed stylu, p\u0159\u00edpadn\u011b \u00faprav dle Va\u0161ich p\u0159ipom\u00ednek, dojde k zalomen\u00ed text\u016f, v\u00fdb\u011bru spr\u00e1vn\u00fdch font\u016f, o\u0159ezu a k retu\u0161i obr\u00e1zk\u016f, fotek, kreseb ale t\u0159eba i k p\u0159eklad\u016fm do cizojazy\u010dn\u00fdch mutac\u00ed. Bu\u010fte jedine\u010dn\u00ed! Bu\u010fte [&hellip;]<\/p>\n","protected":false},"author":1,"featured_media":0,"parent":0,"menu_order":0,"comment_status":"closed","ping_status":"closed","template":"Page-fullwidth.php","meta":{"footnotes":""},"class_list":["post-308","page","type-page","status-publish","hentry"],"_links":{"self":[{"href":"https:\/\/www.reklamastyl.cz\/index.php\/wp-json\/wp\/v2\/pages\/308","targetHints":{"allow":["GET"]}}],"collection":[{"href":"https:\/\/www.reklamastyl.cz\/index.php\/wp-json\/wp\/v2\/pages"}],"about":[{"href":"https:\/\/www.reklamastyl.cz\/index.php\/wp-json\/wp\/v2\/types\/page"}],"author":[{"embeddable":true,"href":"https:\/\/www.reklamastyl.cz\/index.php\/wp-json\/wp\/v2\/users\/1"}],"replies":[{"embeddable":true,"href":"https:\/\/www.reklamastyl.cz\/index.php\/wp-json\/wp\/v2\/comments?post=308"}],"version-history":[{"count":12,"href":"https:\/\/www.reklamastyl.cz\/index.php\/wp-json\/wp\/v2\/pages\/308\/revisions"}],"predecessor-version":[{"id":555,"href":"https:\/\/www.reklamastyl.cz\/index.php\/wp-json\/wp\/v2\/pages\/308\/revisions\/555"}],"wp:attachment":[{"href":"https:\/\/www.reklamastyl.cz\/index.php\/wp-json\/wp\/v2\/media?parent=308"}],"curies":[{"name":"wp","href":"https:\/\/api.w.org\/{rel}","templated":true}]}}

<p><img loading="lazy" decoding="async" class="wp-image-552 alignright" src="http://www.reklamastyl.cz/wp-content/uploads/2017/12/1-1912525-274x300.jpg" alt="" width="409" height="448" srcset="https://www.reklamastyl.cz/wp-content/uploads/2017/12/1-1912525-274x300.jpg 274w, https://www.reklamastyl.cz/wp-content/uploads/2017/12/1-1912525.jpg 676w" sizes="auto, (max-width: 409px) 100vw, 409px" /></p>
<h2 style="text-align: left;"><strong><span style="color: #008000;">Reklama &#8211; grafika na míru</span></strong></h2>
<h4><span style="color: #808080;">Na základě zkušeností a grafického cítění navrhneme design Vašich materiálů, obalů, etiket, ale i log nebo značek. Po schválení stylu, případně úprav dle Vašich připomínek, dojde k zalomení textů, výběru správných fontů, ořezu a k retuši obrázků, fotek, kreseb ale třeba i k překladům do cizojazyčných mutací.</span></h4>
<div></div>
<div></div>
<div></div>
<h3><span style="color: #008000;"><u><strong>Buďte jedineční! Buďte IN!</strong></u></span></h3>

<p>Reklama &#8211; grafika na míru Na základě zkušeností a grafického cítění navrhneme design Vašich materiálů, obalů, etiket, ale i log nebo značek. Po schválení stylu, případně úprav dle Vašich připomínek, dojde k zalomení textů, výběru správných fontů, ořezu a k retuši obrázků, fotek, kreseb ale třeba i k překladům do cizojazyčných mutací. Buďte jedineční! Buďte [&hellip;]</p>
