{"id":61,"date":"2017-12-04T13:14:54","date_gmt":"2017-12-04T13:14:54","guid":{"rendered":"http:\/\/www.reklamastyl.cz\/?page_id=61"},"modified":"2023-11-29T19:08:00","modified_gmt":"2023-11-29T19:08:00","slug":"foto-2","status":"publish","type":"page","link":"https:\/\/www.reklamastyl.cz\/index.php\/foto-2\/","title":{"rendered":"Foto-Film"},"content":{"rendered":"<h2><span style=\"color: #008000;\"><strong><img loading=\"lazy\" decoding=\"async\" class=\" wp-image-572 alignleft\" src=\"http:\/\/www.reklamastyl.cz\/wp-content\/uploads\/2017\/12\/1-246039531-244x300.jpg\" alt=\"\" width=\"290\" height=\"357\" srcset=\"https:\/\/www.reklamastyl.cz\/wp-content\/uploads\/2017\/12\/1-246039531-244x300.jpg 244w, https:\/\/www.reklamastyl.cz\/wp-content\/uploads\/2017\/12\/1-246039531.jpg 637w\" sizes=\"auto, (max-width: 290px) 100vw, 290px\" \/><\/strong><\/span><\/h2>\n<h2><\/h2>\n<h2><\/h2>\n<h2><\/h2>\n<h2><\/h2>\n<h2><\/h2>\n<h2><\/h2>\n<h2><span style=\"color: #008000;\"><strong>Produktov\u00e1 fotografie, video, klip<\/strong><\/span><\/h2>\n<h4 style=\"text-align: left;\">Postr\u00e1d\u00e1te fotografie pro webov\u00e9 str\u00e1nky nebo e-shop? Cht\u011bli by jste vytvo\u0159it virtu\u00e1ln\u00ed prohl\u00eddku provozovny? Nab\u00edz\u00edme focen\u00ed v\u00fdrobk\u016f, provoz\u016f, akc\u00ed, nato\u010den\u00ed report\u00e1\u017e\u00ed a film\u016f. V p\u0159\u00edpad\u011b, \u017ee nem\u00e1te vlastn\u00ed obrazov\u00fd materi\u00e1l, zhotov\u00edme V\u00e1m profesion\u00e1ln\u00ed z\u00e1b\u011bry v exteri\u00e9ru nebo v ateli\u00e9ru v\u010detn\u011b zpracov\u00e1n\u00ed a st\u0159ihu.<\/h4>\n<h4 style=\"text-align: left;\">Nato\u010d\u00edme i report\u00e1\u017e, klip nebo film podle navrhnut\u00e9ho sc\u00e9n\u00e1\u0159e. Zajist\u00edme mluven\u00e9 slovo, p\u0159eklad a pr\u016fvodn\u00ed hudbu.<\/h4>\n<h4 style=\"text-align: left;\"><\/h4>\n<p>&nbsp;<\/p>\n<p>&nbsp;<\/p>\n<p>&nbsp;<\/p>\n<h2><img loading=\"lazy\" decoding=\"async\" class=\"wp-image-393 alignleft\" src=\"http:\/\/www.reklamastyl.cz\/wp-content\/uploads\/2017\/12\/Uzen\u00e9-300x229.jpg\" alt=\"\" width=\"227\" height=\"173\" srcset=\"https:\/\/www.reklamastyl.cz\/wp-content\/uploads\/2017\/12\/Uzen\u00e9-300x229.jpg 300w, https:\/\/www.reklamastyl.cz\/wp-content\/uploads\/2017\/12\/Uzen\u00e9-768x585.jpg 768w, https:\/\/www.reklamastyl.cz\/wp-content\/uploads\/2017\/12\/Uzen\u00e9-1024x780.jpg 1024w, https:\/\/www.reklamastyl.cz\/wp-content\/uploads\/2017\/12\/Uzen\u00e9.jpg 1100w\" sizes=\"auto, (max-width: 227px) 100vw, 227px\" \/> <img loading=\"lazy\" decoding=\"async\" class=\"wp-image-392 alignleft\" src=\"http:\/\/www.reklamastyl.cz\/wp-content\/uploads\/2017\/12\/DSC_0473-1-300x199.jpg\" alt=\"\" width=\"262\" height=\"174\" srcset=\"https:\/\/www.reklamastyl.cz\/wp-content\/uploads\/2017\/12\/DSC_0473-1-300x199.jpg 300w, https:\/\/www.reklamastyl.cz\/wp-content\/uploads\/2017\/12\/DSC_0473-1-768x509.jpg 768w, https:\/\/www.reklamastyl.cz\/wp-content\/uploads\/2017\/12\/DSC_0473-1-1024x678.jpg 1024w\" sizes=\"auto, (max-width: 262px) 100vw, 262px\" \/> <img loading=\"lazy\" decoding=\"async\" class=\"wp-image-391 alignleft\" src=\"http:\/\/www.reklamastyl.cz\/wp-content\/uploads\/2017\/12\/DSC_0132-300x199.jpg\" alt=\"\" width=\"257\" height=\"171\" srcset=\"https:\/\/www.reklamastyl.cz\/wp-content\/uploads\/2017\/12\/DSC_0132-300x199.jpg 300w, https:\/\/www.reklamastyl.cz\/wp-content\/uploads\/2017\/12\/DSC_0132-768x509.jpg 768w, https:\/\/www.reklamastyl.cz\/wp-content\/uploads\/2017\/12\/DSC_0132-1024x678.jpg 1024w\" sizes=\"auto, (max-width: 257px) 100vw, 257px\" \/> <img loading=\"lazy\" decoding=\"async\" class=\"wp-image-390 alignleft\" src=\"http:\/\/www.reklamastyl.cz\/wp-content\/uploads\/2017\/12\/1-1-300x200.jpg\" alt=\"\" width=\"257\" height=\"171\" srcset=\"https:\/\/www.reklamastyl.cz\/wp-content\/uploads\/2017\/12\/1-1-300x200.jpg 300w, https:\/\/www.reklamastyl.cz\/wp-content\/uploads\/2017\/12\/1-1-768x512.jpg 768w, https:\/\/www.reklamastyl.cz\/wp-content\/uploads\/2017\/12\/1-1-1024x683.jpg 1024w\" sizes=\"auto, (max-width: 257px) 100vw, 257px\" \/><\/h2>\n","protected":false},"excerpt":{"rendered":"<p>Produktov\u00e1 fotografie, video, klip Postr\u00e1d\u00e1te fotografie pro webov\u00e9 str\u00e1nky nebo e-shop? Cht\u011bli by jste vytvo\u0159it virtu\u00e1ln\u00ed prohl\u00eddku provozovny? Nab\u00edz\u00edme focen\u00ed v\u00fdrobk\u016f, provoz\u016f, akc\u00ed, nato\u010den\u00ed report\u00e1\u017e\u00ed a film\u016f. V p\u0159\u00edpad\u011b, \u017ee nem\u00e1te vlastn\u00ed obrazov\u00fd materi\u00e1l, zhotov\u00edme V\u00e1m profesion\u00e1ln\u00ed z\u00e1b\u011bry v exteri\u00e9ru nebo v ateli\u00e9ru v\u010detn\u011b zpracov\u00e1n\u00ed a st\u0159ihu. Nato\u010d\u00edme i report\u00e1\u017e, klip nebo film podle navrhnut\u00e9ho [&hellip;]<\/p>\n","protected":false},"author":1,"featured_media":0,"parent":0,"menu_order":0,"comment_status":"closed","ping_status":"closed","template":"Page-fullwidth.php","meta":{"footnotes":""},"class_list":["post-61","page","type-page","status-publish","hentry"],"_links":{"self":[{"href":"https:\/\/www.reklamastyl.cz\/index.php\/wp-json\/wp\/v2\/pages\/61","targetHints":{"allow":["GET"]}}],"collection":[{"href":"https:\/\/www.reklamastyl.cz\/index.php\/wp-json\/wp\/v2\/pages"}],"about":[{"href":"https:\/\/www.reklamastyl.cz\/index.php\/wp-json\/wp\/v2\/types\/page"}],"author":[{"embeddable":true,"href":"https:\/\/www.reklamastyl.cz\/index.php\/wp-json\/wp\/v2\/users\/1"}],"replies":[{"embeddable":true,"href":"https:\/\/www.reklamastyl.cz\/index.php\/wp-json\/wp\/v2\/comments?post=61"}],"version-history":[{"count":45,"href":"https:\/\/www.reklamastyl.cz\/index.php\/wp-json\/wp\/v2\/pages\/61\/revisions"}],"predecessor-version":[{"id":1209,"href":"https:\/\/www.reklamastyl.cz\/index.php\/wp-json\/wp\/v2\/pages\/61\/revisions\/1209"}],"wp:attachment":[{"href":"https:\/\/www.reklamastyl.cz\/index.php\/wp-json\/wp\/v2\/media?parent=61"}],"curies":[{"name":"wp","href":"https:\/\/api.w.org\/{rel}","templated":true}]}}